{"id":895,"date":"2012-07-11T08:39:30","date_gmt":"2012-07-11T07:39:30","guid":{"rendered":"http:\/\/budo-shinkokai.fr\/?page_id=895"},"modified":"2023-03-08T16:00:46","modified_gmt":"2023-03-08T15:00:46","slug":"les-gens","status":"publish","type":"page","link":"http:\/\/budo-shinkokai.fr\/?page_id=895","title":{"rendered":"Les Membres"},"content":{"rendered":"<p>Depuis le d\u00e9m\u00e9nagement,\u00a0 les membres se limitent \u00e0 deux personnes.<\/p>\n<p>Jacques Bally\u00a0 et Mary Semp\u00e9<\/p>\n<p><img decoding=\"async\" loading=\"lazy\" class=\"alignnone \" src=\"http:\/\/www.seishindojo-bordeaux.fr\/wp-content\/uploads\/2011\/12\/jacques.jpg\" width=\"102\" height=\"157\" \/> <img decoding=\"async\" loading=\"lazy\" class=\"alignnone \" src=\"http:\/\/www.seishindojo-bordeaux.fr\/wp-content\/uploads\/2011\/12\/mary-150x150.jpg\" width=\"158\" height=\"158\" \/><\/p>\n<p>En attendant de nouveaux adh\u00e9rents\/pratiquants .<\/p>\n<p>Et en conservant une place \u00e0 nos anciens \u00e9l\u00e8ves du Bordelais.<\/p>\n<figure id=\"attachment_2539\" aria-describedby=\"caption-attachment-2539\" style=\"width: 150px\" class=\"wp-caption alignnone\"><img decoding=\"async\" loading=\"lazy\" class=\"size-thumbnail wp-image-2539\" src=\"http:\/\/budo-shinkokai.fr\/wp-content\/uploads\/2019\/10\/jp2-150x150.jpg\" alt=\"\" width=\"150\" height=\"150\" \/><figcaption id=\"caption-attachment-2539\" class=\"wp-caption-text\">JP.LARGINIERE ancien du bureau<\/figcaption><\/figure>\n<p>Rendons hommage aussi \u00e0 un ancien et fid\u00e8le ami : JP.Brassenx, disparu il y a quelques ann\u00e9es.<\/p>\n<p><img decoding=\"async\" loading=\"lazy\" class=\"alignnone size-thumbnail wp-image-967\" src=\"http:\/\/budo-shinkokai.fr\/wp-content\/uploads\/2012\/07\/jean-pierre-150x150.jpg\" alt=\"\" width=\"150\" height=\"150\" \/><\/p>\n","protected":false},"excerpt":{"rendered":"<p>Depuis le d\u00e9m\u00e9nagement,\u00a0 les membres se limitent \u00e0 deux personnes. Jacques Bally\u00a0 et Mary Semp\u00e9 En attendant de nouveaux adh\u00e9rents\/pratiquants . Et en conservant une place \u00e0 nos anciens \u00e9l\u00e8ves du Bordelais. Rendons hommage aussi \u00e0 un ancien et fid\u00e8le ami : JP.Brassenx, disparu il y a quelques ann\u00e9es.<\/p>\n","protected":false},"author":1,"featured_media":0,"parent":0,"menu_order":0,"comment_status":"closed","ping_status":"closed","template":"page-members.php","meta":[],"_links":{"self":[{"href":"http:\/\/budo-shinkokai.fr\/index.php?rest_route=\/wp\/v2\/pages\/895"}],"collection":[{"href":"http:\/\/budo-shinkokai.fr\/index.php?rest_route=\/wp\/v2\/pages"}],"about":[{"href":"http:\/\/budo-shinkokai.fr\/index.php?rest_route=\/wp\/v2\/types\/page"}],"author":[{"embeddable":true,"href":"http:\/\/budo-shinkokai.fr\/index.php?rest_route=\/wp\/v2\/users\/1"}],"replies":[{"embeddable":true,"href":"http:\/\/budo-shinkokai.fr\/index.php?rest_route=%2Fwp%2Fv2%2Fcomments&post=895"}],"version-history":[{"count":8,"href":"http:\/\/budo-shinkokai.fr\/index.php?rest_route=\/wp\/v2\/pages\/895\/revisions"}],"predecessor-version":[{"id":2608,"href":"http:\/\/budo-shinkokai.fr\/index.php?rest_route=\/wp\/v2\/pages\/895\/revisions\/2608"}],"wp:attachment":[{"href":"http:\/\/budo-shinkokai.fr\/index.php?rest_route=%2Fwp%2Fv2%2Fmedia&parent=895"}],"curies":[{"name":"wp","href":"https:\/\/api.w.org\/{rel}","templated":true}]}}

<p>Depuis le déménagement,  les membres se limitent à deux personnes.</p>
<p>Jacques Bally  et Mary Sempé</p>
<p><img decoding="async" loading="lazy" class="alignnone " src="http://www.seishindojo-bordeaux.fr/wp-content/uploads/2011/12/jacques.jpg" width="102" height="157" /> <img decoding="async" loading="lazy" class="alignnone " src="http://www.seishindojo-bordeaux.fr/wp-content/uploads/2011/12/mary-150x150.jpg" width="158" height="158" /></p>
<p>En attendant de nouveaux adhérents/pratiquants .</p>
<p>Et en conservant une place à nos anciens élèves du Bordelais.</p>
<figure id="attachment_2539" aria-describedby="caption-attachment-2539" style="width: 150px" class="wp-caption alignnone"><img decoding="async" loading="lazy" class="size-thumbnail wp-image-2539" src="http://budo-shinkokai.fr/wp-content/uploads/2019/10/jp2-150x150.jpg" alt="" width="150" height="150" /><figcaption id="caption-attachment-2539" class="wp-caption-text">JP.LARGINIERE ancien du bureau</figcaption></figure>
<p>Rendons hommage aussi à un ancien et fidèle ami : JP.Brassenx, disparu il y a quelques années.</p>
<p><img decoding="async" loading="lazy" class="alignnone size-thumbnail wp-image-967" src="http://budo-shinkokai.fr/wp-content/uploads/2012/07/jean-pierre-150x150.jpg" alt="" width="150" height="150" /></p>

<p>Depuis le déménagement,  les membres se limitent à deux personnes. Jacques Bally  et Mary Sempé En attendant de nouveaux adhérents/pratiquants . Et en conservant une place à nos anciens élèves du Bordelais. Rendons hommage aussi à un ancien et fidèle ami : JP.Brassenx, disparu il y a quelques années.</p>
