{"id":907,"date":"2012-07-11T08:56:02","date_gmt":"2012-07-11T07:56:02","guid":{"rendered":"http:\/\/budo-shinkokai.fr\/?page_id=907"},"modified":"2023-03-06T10:38:17","modified_gmt":"2023-03-06T09:38:17","slug":"boutique","status":"publish","type":"page","link":"http:\/\/budo-shinkokai.fr\/?page_id=907","title":{"rendered":"Boutique"},"content":{"rendered":"<p>Des ventes occasionnelles, suivant les affaires int\u00e9ressantes trouv\u00e9es de ci de l\u00e0&#8230;.<br \/>\naussi dans des trucs du genre<\/p>\n<p>Activit\u00e9 \u00e0 leur actuelle en sommeil.<\/p>\n","protected":false},"excerpt":{"rendered":"<p>Des ventes occasionnelles, suivant les affaires int\u00e9ressantes trouv\u00e9es de ci de l\u00e0&#8230;. aussi dans des trucs du genre Activit\u00e9 \u00e0 leur actuelle en sommeil.<\/p>\n","protected":false},"author":1,"featured_media":0,"parent":0,"menu_order":0,"comment_status":"closed","ping_status":"open","template":"","meta":[],"_links":{"self":[{"href":"http:\/\/budo-shinkokai.fr\/index.php?rest_route=\/wp\/v2\/pages\/907"}],"collection":[{"href":"http:\/\/budo-shinkokai.fr\/index.php?rest_route=\/wp\/v2\/pages"}],"about":[{"href":"http:\/\/budo-shinkokai.fr\/index.php?rest_route=\/wp\/v2\/types\/page"}],"author":[{"embeddable":true,"href":"http:\/\/budo-shinkokai.fr\/index.php?rest_route=\/wp\/v2\/users\/1"}],"replies":[{"embeddable":true,"href":"http:\/\/budo-shinkokai.fr\/index.php?rest_route=%2Fwp%2Fv2%2Fcomments&post=907"}],"version-history":[{"count":21,"href":"http:\/\/budo-shinkokai.fr\/index.php?rest_route=\/wp\/v2\/pages\/907\/revisions"}],"predecessor-version":[{"id":2590,"href":"http:\/\/budo-shinkokai.fr\/index.php?rest_route=\/wp\/v2\/pages\/907\/revisions\/2590"}],"wp:attachment":[{"href":"http:\/\/budo-shinkokai.fr\/index.php?rest_route=%2Fwp%2Fv2%2Fmedia&parent=907"}],"curies":[{"name":"wp","href":"https:\/\/api.w.org\/{rel}","templated":true}]}}